t the prime factors of a.
5, 19
Let s(q) = 2*q - 10. Let j be s(7). Let t be -7 + j - 3*(-1 + 0). Suppose t = -6*z + 3*z + 87. What are the prime factors of z?
29
Suppose 3*d + 3*y - 219 = 0, 0*y = d - y - 83. What are the prime factors of 13/(d/24) - -415?
419
What are the prime factors of (-10)/(12/23922*-9)?
5, 443
Suppose 2*a = -18, -5*a - 49789 - 6478 = -2*y. What are the prime factors of y?
28111
Suppose -17 - 45 = -l + 2*u, -5*l - 5*u + 325 = 0. Let p = l - 3. List the prime factors of p.
61
Let b(y) = 6*y**2 - 27*y + 44. Let f(a) = 7*a**2 - 28*a + 45. Let z(n) = 6*b(n) - 5*f(n). Let m be z(17). Let k = m - -76. List the prime factors of k.
2, 3, 5
Let i be (-713)/155 + (1 - 7/5). Let m(h) = -29*h + 24. List the prime factors of m(i).
13
Suppose -11858 = 22*j - 24*j - 5*o, -11840 = -2*j + 4*o. List the prime factors of j.
2, 1481
Suppose 4*c + 1933 + 7669 = 2*i, -4*c + 24061 = 5*i. List the prime factors of i.
3, 7, 229
Let l be (-7236)/(-117) - (1 - (-15)/(-13)). Suppose 56*d = l*d - 3294. What are the prime factors of d?
3, 61
Let c be ((-18)/(-30))/((-3)/(-45)). Let h be (-9)/(-2) + c/(-6). What are the prime factors of 4/4*h + 68?
71
Let l = 41 + -23. Suppose 30 = 2*x + 2*t, -x - x + t = -l. Suppose x*q = 2497 - 0. List the prime factors of q.
227
Suppose -w + 332 = -62*v + 57*v, -4*w - 3*v + 1282 = 0. List the prime factors of w.
2, 7, 23
Let m = -143 + 85. Let t = 56 + m. What are the prime factors of -13 + 125 - t/(-1 - 1)?
3, 37
Let b(s) = -s**3 - 9*s**2 + 27*s + 30. Let i = -104 - -167. Let k = i - 75. What are the prime factors of b(k)?
2, 3, 23
Let l = -16621 - -41149. What are the prime factors of l?
2, 3, 7, 73
Let j(i) = -109*i - 11. Let k(u) = 544*u + 52. Let w(p) = -11*j(p) - 2*k(p). What are the prime factors of w(3)?
2, 5, 7
Let b(w) be the first derivative of -w**4/4 + 2*w**3/3 + 7. Let c be b(2). List the prime factors of (-1408)/(-11) + (0 - c).
2
Let r = 106883 + -75807. What are the prime factors of r?
2, 17, 457
Suppose -y = 4*q + 9, -4*q + 70 = -5*y + q. Let r(o) be the second derivative of -o**5/10 - 2*o**4 + 3*o**3 - 11*o**2/2 + 11*o. List the prime factors of r(y).
3, 31
Suppose 1082*t - 2046 = 1071*t. Suppose 3*g - 88 = -31. Let b = t - g. What are the prime factors of b?
167
Suppose m - 11 = -2*f, -3*f + 0*m = 3*m - 24. List the prime factors of (f/(-5))/(12/(-60)).
3
Suppose 0 = -2*u + 11 + 1. Suppose -u = 4*x - 2. Let d = 11 - x. List the prime factors of d.
2, 3
Let o(t) = -2*t**2 - 2. Let l be 16/7 - (-8)/(-28). Let y be o(l). What are the prime factors of (-15 - 6)/(3/y)?
2, 5, 7
Let c = 165 - 168. Let j(h) = -31*h + 1. What are the prime factors of j(c)?
2, 47
Suppose -s = n - 20116 - 3646, -n + 23766 = -3*s. List the prime factors of n.
3, 89
Let t be (-5 - -8)/3*23. Suppose 3*c - 2*v - 750 = 0, -3*c - 20*v + 753 = -t*v. What are the prime factors of c?
2, 31
Suppose -41*w - 135351 = -50*w. List the prime factors of w/(-18)*(2 - (1 + 3)).
3, 557
Suppose -5*j + 17875 = -9*m + 14*m, j + 4*m = 3563. What are the prime factors of j?
3, 1193
Let r(b) = -6*b + 2*b + 5*b - 3*b - 12. Let m be r(-7). Suppose 4*w - m*p = 166, -4*w - 7*p = -2*p - 173. List the prime factors of w.
2, 3, 7
Let w = -35795 - -51314. What are the prime factors of w?
3, 7, 739
Let f = 843 - 573. Let d = 761 - f. What are the prime factors of d?
491
Let u = -7872 + 23585. List the prime factors of u.
19, 827
Let f be (7 - 3 - 2) + -6 + -83. Let s(h) = -h**3 - 14*h**2 - 5*h + 14. Let i be s(-11). Let r = f - i. List the prime factors of r.
3, 23
Let g be ((-39)/6)/13*482. Let v = 197 - g. List the prime factors of v.
2, 3, 73
Let c = 25672 - 17690. What are the prime factors of c?
2, 13, 307
Let w(r) = -731*r - 1291. List the prime factors of w(-19).
2, 6299
Suppose 22*g + 2984 = 52638. What are the prime factors of g?
37, 61
Suppose j - 2*j + 57 = 4*c, 0 = 3*c - 2*j - 40. Let x be (-16)/28*21/(-6). Suppose -c = -x*v - 8. What are the prime factors of v?
3
Suppose 167*g - 7*g - 1203068 + 213468 = 0. List the prime factors of g.
5, 1237
Let b = -316 + 305. What are the prime factors of 891 - (5 + 2 + b)?
5, 179
Let f(y) = -5*y + 35. Let v be f(7). Suppose v = -5*g - 4*h + 398, 2*g - 6*g + 2*h = -308. Suppose 2*q - g - 14 = 0. What are the prime factors of q?
2, 23
Let j(p) = 6*p - 37. Let f be j(7). Suppose 0 = 5*o + 5*h - 2695, -f*o + 2692 = -h + 5*h. Suppose -3*r - r + o = 0. List the prime factors of r.
2, 67
Let n be 4 - (-9)/((-9)/(-38)). Suppose -n*r + 41*r = -3. What are the prime factors of 418/2 + 4 + r?
2, 3
Suppose 2*l = -3*z + 101397, z - 419*l = -415*l + 33785. List the prime factors of z.
33797
Suppose -18 = -u + 14. Suppose u = 3*j - 265. List the prime factors of j.
3, 11
Let a(c) = -c**3 - 51*c**2 + 12*c + 221. List the prime factors of a(-53).
11, 43
Let l = 304 + -153. Let x = l + -99. Suppose 0*m - m - 5*f = -42, m = 5*f + x. What are the prime factors of m?
47
Let r = 86 - 39. Suppose -45*w + 10 = -r*w. Let j(h) = -h**3 - 5*h**2 - 6*h - 4. What are the prime factors of j(w)?
2, 13
Suppose -32*v + 30*v - 7752 = 0. What are the prime factors of (-3)/12 + v/(-16)?
2, 11
Let j(s) = -2*s**2 + 12*s - 30. Let u be j(11). Let g = 368 + u. What are the prime factors of g?
2, 3, 19
Suppose 0 = -3*u + 2*r, 13*u - 8*u - 5*r = -5. Let t be 3 - 0*(-2)/6. Suppose t*n = 3*s - u*n - 368, 5*n + 20 = 0. List the prime factors of s.
2, 29
Suppose 167*f = 129*f + 452732. What are the prime factors of f?
2, 7, 23, 37
Let t be 7/4 + -2 + 924/176. Let b(d) = d**2 - 2*d - 7. Let n be b(-5). Suppose -4*f + n = l - 161, -2*f + t*l = -67. List the prime factors of f.
2, 23
What are the prime factors of (-76 - -12800)/((-2)/(-7))?
2, 7, 3181
What are the prime factors of (11418/5 + 9)*5?
3, 3821
Let l be ((-2)/(-14))/(7/49). List the prime factors of (0 + l/2)/(7/15834).
3, 13, 29
Suppose 40*p = p - 25*p + 676864. What are the prime factors of p?
2, 661
Let m be ((-375)/6)/(8/(-5296)). Suppose 38*o - m = -7441. What are the prime factors of o?
19, 47
Let v(m) = 7*m**2 - 42*m + 4. Let g be v(5). Let x = g + 114. What are the prime factors of x?
83
Suppose -2*y = -4*y - 5*o - 15, -2*y + 6 = -2*o. Suppose f + y*f - 101 = 0. What are the prime factors of f?
101
Suppose 1571*g - 1851*g = -23213400. List the prime factors of g.
3, 5, 5527
Suppose -17 = -23*o + 6*o. List the prime factors of 5 - 6 - (-478 + 1 + o).
5, 19
Let p(m) = -m + 12. Let v be p(7). Suppose -v*g + 75 = 5*n - 0*n, 3*n - 5*g = 13. Suppose -4*b = n - 323. What are the prime factors of b?
2, 3, 13
Let v(s) = 25*s + 461. Let o be v(-7). Let d = 143 + o. What are the prime factors of d?
3, 11, 13
Suppose 2548 = u - r, 7 = -4*r - 9. What are the prime factors of (2*3)/(16/u) - 0?
2, 3, 53
Suppose 0 = -4*d - 2*b + 118784, -13*d + 4*b = -15*d + 59398. List the prime factors of d.
5, 5939
Let l(i) = 2*i + 31. Let x be l(-13). Suppose x*a + 38 = -97. What are the prime factors of 1 - (a - (2 + 3 + -3))?
2, 3, 5
Let f = -96 + 98. Suppose 0 = 3*m + f*h + 32, -5*h + 14 = -4*m - 21. Let b = m + 48. What are the prime factors of b?
2, 19
Suppose -k + 103 = 2*u, 487 = 5*k + 4*u - 22. Suppose 534 = k*j - 98*j. What are the prime factors of j?
2, 89
Suppose 41*r - 3409 - 682 = 40*r. What are the prime factors of r?
4091
Let b(j) be the first derivative of -25*j**4/12 - 19*j**3/6 - 35*j**2/2 + 15. Let n(c) be the second derivative of b(c). What are the prime factors of n(-5)?
3, 7, 11
Let a(c) = c**3 + 10*c**2 - 28*c - 38. Suppose 4*w - 11 = 3*d + 9*w, -3*d - 2*w = 26. List the prime factors of a(d).
2, 5
Let w = -3033 - -11822. What are the prime factors of w?
11, 17, 47
Let j = -80 - -79. Let b be (-8119)/46*(-1 + j). Suppose 174 = 2*w + 2*y - 6*y, 3*y + b = 4*w. List the prime factors of w.
89
Suppose -14*c = -6*c - 95952. List the prime factors of c/10 + (-6)/30*2.
11, 109
Suppose 6 = -3*o, -o - 49646 = -499*r + 496*r. List the prime factors of r.
2, 3, 7, 197
Suppose 5*d = -5*b + 64335, 1584*d - 2*b = 1581*d + 38621. List the prime factors of d.
61, 211
Suppose 0 = -24*c + 33329 + 22279. What are the prime factors of c?
7, 331
Let j(x) = x**3 + 12*x**2 + 11*x - 3. Let m be j(-6). Suppose -1421 + m = -14*l. What are the prime factors of l?
7, 13
Let t = 304 + -288. Suppose 5*r - t - 4 = 0,